n = -2*o + 98, -2*o + 5*n = -o - 31. What are the prime factors of o?
3, 17
Let b(l) be the second derivative of l**5/20 + 5*l**4/12 - l**3/2 - 3*l**2 - 2*l. Suppose 0 = -5*a + 6*a + 5. List the prime factors of b(a).
3
Let c be 1115/20 - (-2)/8. Let n be (c + 2)/(4/2). Suppose -1 = 2*t + 5*f, 0 = 2*t - 4*f - 15 - n. List the prime factors of t.
2, 3
Suppose 5*r - 78 = -608. List the prime factors of r/(-5) + (-1)/5.
3, 7
Let t(h) = -h**2 + 18*h - 5. What are the prime factors of t(14)?
3, 17
Let p(m) = 31*m**3 - m**2 + 1. Let x be p(-1). Let o = 115 - 68. Let u = o + x. List the prime factors of u.
2
Let z(v) = -v**2 - 11*v - 9. What are the prime factors of z(-9)?
3
Suppose 4 - 14 = -a. Suppose -a*j - 60 = -11*j. What are the prime factors of j?
2, 3, 5
Suppose 3*v - 612 = -11*r + 8*r, -2*r - 3*v = -407. List the prime factors of r.
5, 41
What are the prime factors of (-1)/(-5) - (-3027)/15?
2, 101
Let z(n) = 2*n - 7. Let p be ((-8)/2)/((-2)/3). What are the prime factors of z(p)?
5
Suppose 39 = 2*r + 17. List the prime factors of r.
11
Let p = -28 + 42. What are the prime factors of p?
2, 7
Suppose -4*c = -2*r + 12, 5*r + 3*c - 30 = 4*c. Suppose v = 2*b + r*v - 42, 3*b - v = 29. List the prime factors of b.
11
Let q(y) = -y + 30. List the prime factors of q(-16).
2, 23
Let y(z) = z**2 - 3*z + 9. What are the prime factors of y(11)?
97
Let w = -59 + 29. Let t be w/(-4) - 3/6. What are the prime factors of (-53)/(-4) - t/28?
13
Suppose -3*u - 208 = -7*u. List the prime factors of u.
2, 13
Let j(x) = 63*x**2 - 2*x - 1. What are the prime factors of j(-1)?
2
Let w(m) = 2*m**2 + 7*m + 3. List the prime factors of w(-5).
2, 3
Let x = -80 + 136. List the prime factors of x.
2, 7
Let z(y) = -y**3 + 7*y**2 + 2*y - 2. What are the prime factors of z(6)?
2, 23
Suppose 2*z + 4*d + 35 - 147 = 0, 0 = d - 3. List the prime factors of z.
2, 5
Let j = 75 + -31. Suppose 5*a - j = a. What are the prime factors of a?
11
Let b(o) = -29*o + 6. What are the prime factors of b(-3)?
3, 31
Suppose 4 = i, 30 = 5*y - 5*i - 60. What are the prime factors of y?
2, 11
Let b be 8/3 - (-6)/(-9). Suppose -4 = -b*j - x, 0*j - 2*x = -2*j + 16. Suppose l - j = -l. List the prime factors of l.
2
Let m(r) = 3*r - 4. List the prime factors of m(6).
2, 7
What are the prime factors of ((-2)/6)/(2 + (-31)/15)?
5
Suppose -n - 2 = 4. What are the prime factors of 63/(-14)*4/n?
3
List the prime factors of (-399)/(-12) + 1/(-4).
3, 11
Let b(m) = 16*m**2 - m - 1. Let g be b(3). Suppose -10*w = -14*w + g. What are the prime factors of w?
5, 7
Let g = 12 - 5. Suppose -4*c + g*c = 15. Let q = 12 - c. List the prime factors of q.
7
Suppose 0 = 2*t - 3*y + 4 - 1, t - 4*y = -14. Suppose -2*o = -t, 3*n + 7*o - 39 = 4*o. Suppose 0 = -2*r + r + n. List the prime factors of r.
2, 5
Let f be -3 - (2 - (-3 - -13)). Let k(x) = -x**2 + 5*x - 3. Let p be k(f). What are the prime factors of (-16)/(-2) - (4 + p)?
7
Suppose -r = 3*f + 4, 0 = 2*r - f - 4*f - 36. Suppose -r = -t - j, t - 2*j = -t + 16. List the prime factors of t.
2
Let b = 189 + -85. Suppose -5*r + r = -b. What are the prime factors of r?
2, 13
Suppose k + 4*k = -100. Let a = 15 - k. What are the prime factors of a?
5, 7
Let j = 168 + -114. What are the prime factors of j?
2, 3
Suppose 3 - 13 = 5*k, 4*x + k - 10 = 0. Suppose -x + 5 = u. List the prime factors of u - -13 - (-1 - 0).
2
Suppose -3 = -3*h + 9. Suppose h*r = r - 6. List the prime factors of 6/(-5)*15/r.
3
Suppose -2*s + 172 = 3*v + 3*s, 0 = v + 3*s - 56. Let j = 86 - v. What are the prime factors of j?
3
Let f(m) = 39*m**3 - m**2 - 2*m + 2. What are the prime factors of f(1)?
2, 19
Suppose 5*i - 27 = -2*u - 0*i, -4*i = -4*u + 12. Let c be (6/(-15))/(u/(-15)). What are the prime factors of ((-10)/4)/(c/(-2))?
5
Let j be (-12)/(0 + (-9)/24). Suppose 4*f = 2*f + j. List the prime factors of f.
2
Let o be 4*(-1)/(-2) - -4. Suppose -m - 45 = -o*m. Suppose 2*u - m = 5*l, -4*u - 2 + 53 = l. What are the prime factors of u?
2, 3
Suppose 363 = -4*l - 125. Let d = -80 - l. List the prime factors of d.
2, 3, 7
Let s = 117 + -45. Let b = s - 51. List the prime factors of b.
3, 7
Let y be ((-279)/12)/((-1)/4). Let t(s) = s**3 - 4*s**2 - 4*s + 1. Let m be t(5). Suppose 4*u - k + m*k = y, 3*u = k + 46. List the prime factors of u.
17
Let o = 43 - 22. List the prime factors of o.
3, 7
Let m = 178 + -61. What are the prime factors of m?
3, 13
Suppose 5 = -u - 4*u. Let n be u + -3*5*-1. Suppose -4*h - 1 - 19 = -2*p, h + n = 2*p. List the prime factors of p.
2, 3
Let f(i) = i - 3. Let c be f(-8). Let s(p) = -2*p + 9. What are the prime factors of s(c)?
31
Let z be 1 + 2 + 0 + 3. Let f(m) = m + 4. What are the prime factors of f(z)?
2, 5
Suppose -2*n = -4*l - 0*n + 514, 0 = 4*l - 3*n - 509. What are the prime factors of l?
131
Let j(n) = -n - 4. Let b be j(-4). Let o be (-42)/(1*-3) - b. List the prime factors of 60/o - 4/14.
2
Let z = -211 - -495. List the prime factors of z.
2, 71
Let w(z) = z**2 + 6*z + 4. What are the prime factors of w(-10)?
2, 11
Let z = -3 + 12. Suppose -q - 2*q - 15 = 0. Let w = q + z. List the prime factors of w.
2
Let v be -3*-2*(-2)/(-4). Let u = -3 + v. Suppose u*a + 39 = 3*z + a, 36 = 2*z + 4*a. What are the prime factors of z?
2, 3
Let x(u) = 9*u + 1. Let v be x(-1). Let g = v + 16. List the prime factors of g.
2
Let d(l) = -l**2 - 11*l - 9. Let o be 2/(-4) - 4/(-8). Suppose o*t = -t - 8. What are the prime factors of d(t)?
3, 5
Suppose 4*z - 44 = -u + 5*z, 5*u - 4*z = 215. What are the prime factors of u?
3, 13
Let j(h) = 5*h**2 - 26*h + 18. Let r(a) = -2*a**2 + 9*a - 6. Let b(t) = -3*j(t) - 8*r(t). List the prime factors of b(3).
3, 7
Suppose 0 = -3*j + 7*j. Suppose -2*t - 8 = 5*x - x, -t + 3*x + 21 = j. List the prime factors of t.
2, 3
Let n(h) = 5*h**2 + h + 7. What are the prime factors of n(-3)?
7
Suppose j = -h - 24, 5*h = j - 2 + 14. Let c = j - -38. List the prime factors of c.
2
Let f(y) = -3*y - 4. Suppose -g = -2*q + g - 20, 5*q + 47 = 4*g. Let j be f(q). Suppose j = 4*w - 31. List the prime factors of w.
2, 3
Let l(m) = 2*m**2 + 17*m + 14. List the prime factors of l(-12).
2, 7
Let f = 248 + -126. List the prime factors of f.
2, 61
Suppose 4*l = -4, 0 = 4*g - 3*l + 8*l + 25. Let u be 1/(-1)*(g + 2). Suppose -u*i + a = 2*i - 18, 3*a - 10 = -i. List the prime factors of i.
2
What are the prime factors of (-7)/((-1)/(-2)*-1)?
2, 7
Suppose -9*f + 3235 = 1345. List the prime factors of f.
2, 3, 5, 7
Let g(o) = -o**3 + 2*o**2 + 2*o + 1. Let v be g(-1). Let j be v/2*6/2. Suppose 4*i = -j*t + 18, -4*i = i. What are the prime factors of t?
2, 3
Let r(l) = l**2 + 11*l + 13. Let u be r(-12). Suppose -4*w + 129 - u = 0. List the prime factors of w.
2, 13
Let w = 126 + -84. Suppose p + 5*l = w, 0 = -0*l + 4*l - 12. List the prime factors of p.
3
What are the prime factors of 1318/7 - 10/35?
2, 47
Let q = 9 - 3. Let i(c) = c**2 - 4*c. Let b be i(3). Let k = q + b. What are the prime factors of k?
3
Let l be 69/(-15) + (-4)/10. Let j(q) = 2*q**2 + 7*q - 1. What are the prime factors of j(l)?
2, 7
Suppose 3*y + 48 = 7*y. Let o = y - 1. What are the prime factors of o?
11
Suppose 203 = 2*b + 55. Suppose -2*j + 0*c = c - 30, 4*j - 5*c - b = 0. List the prime factors of j.
2
Suppose -16 = -4*p + 4*l, -2*p + 2*l + 23 = 3*p. Let z be (-1)/p - 161/(-5). Let i = z + -15. What are the prime factors of i?
17
Let t = 190 - 48. What are the prime factors of t?
2, 71
Suppose -2*p + 51 = -5*p + 2*q, 4*q - 12 = 0. Let v = p - -31. What are the prime factors of v?
2
Let s(p) = 5*p + 6. Let c be 5 + 2 + 2 + -3. List the prime factors of s(c).
2, 3
What are the prime factors of 84/16 - 5 - 75/(-4)?
19
Let u be (-115)/(-10) - (-2)/4. Let l(j) = 2*j - 9. What are the prime factors of l(u)?
3, 5
Suppose -c = 3*y + y - 15, -3*c - 15 = 0. Suppose 5*z = -q + 35, -3*q + 14 = y*z - 41. List the prime factors of (-1 + 3)*q/4.
5
Let z be (-2)/(-6) + 67/(-3). Let w be (1 + 1 - 2) + z. Let f = w - -33. List the prime factors of f.
11
Let k(t) = t**3 - 2*t**2 + 5*t - 9. List the prime factors of k(3).
3, 5
Let n = 24 + -15. Let o be 6/n - (-4)/3. Suppose o*w - r - 7 = -2*r, 3*w - 2*r = 0. List the prime factors of w.
2
What are the prime factors of -2*1/(10/(-115))?
23
What are the prime facto